 of 4/14 - 938/196*-174.
7, 17
Let u = 2654 + -1194. What are the prime factors of u?
2, 5, 73
Let z = -29 + 29. Suppose -30 = -b - 3*s, -2*b + s + 88 = -z*s. List the prime factors of b.
2, 3, 7
Let f = 121 + -42. What are the prime factors of f?
79
Suppose -2*h - 12 = -4. List the prime factors of (h/(-6))/(32/3312).
3, 23
Let p = 8 + 5. Suppose -x = 0, -19*t - 4 = -21*t + x. Suppose t*q - p - 15 = 0. List the prime factors of q.
2, 7
Suppose 169*x - 189*x = -21420. What are the prime factors of x?
3, 7, 17
Suppose -2 = g, 0 = -4*p + 2*g + 2*g + 1072. What are the prime factors of p?
2, 7, 19
Let a(d) = -d**3 - 6*d**2 - 4*d - 6. Let w = 10 - 16. Let v be a(w). Suppose -2*h = -v - 4. List the prime factors of h.
11
Let u be (10 + 0)*(-34)/(-5). Suppose u = 2*p + 22. Suppose -2*f = -f - p. List the prime factors of f.
23
Suppose 3*z - z - 54 = s, 2*s - 5*z + 107 = 0. What are the prime factors of 4/(-14) - 3096/s?
5, 11
Let w = 45 + -16. Suppose -x = m - w, 0 = -4*m + 2*x + 2*x + 100. What are the prime factors of m?
3
Suppose g = 4, h + 57 = g - 87. List the prime factors of (20/7)/((32/h)/(-4)).
2, 5
Suppose 3*m = 158 + 112. Let b = m - 45. Let a = b - 31. What are the prime factors of a?
2, 7
Let l(t) = 430*t**3 + t**2 + 3*t - 2. What are the prime factors of l(1)?
2, 3
Suppose 0 = 28*v - 21*v - 301. Let s = v + 76. List the prime factors of s.
7, 17
Let d(b) = b**2 - 8*b + 13. Let x be d(9). Suppose -4*p + x = v, 6*v - 3*v = -4*p + 26. What are the prime factors of v?
2
List the prime factors of 12/60 + ((-71670)/25)/(-6).
2, 239
Suppose -3*w - 10 = -8*w. Suppose -u + 0*u = 2*t - 4, -4*t = -w*u + 48. Let o = u - 0. What are the prime factors of o?
2, 7
Suppose -5*l = 11*l - 7024. List the prime factors of l.
439
Let a(o) = -o**2 + o + 14 + 3*o**3 - 2*o**3 + 10*o**2. Let s(f) = -f**3 - 2*f**2 + 78*f + 8. Let l be s(8). What are the prime factors of a(l)?
2, 5, 7
Let g(u) = -2*u**3 + u**2 + u. Let o be g(-1). Let p be -1 + 2 - (-8)/o. Suppose -4*l = -p*a + l + 125, 4*a - 82 = -5*l. List the prime factors of a.
23
Suppose -3*t + 6008 + 9187 = 0. What are the prime factors of t?
5, 1013
Let m(o) = -9*o**3 + 4*o**2 + 28*o + 10. What are the prime factors of m(-5)?
3, 5, 73
Let d be (2/10)/(10/100). Suppose 5*l - d*r = 117, 2*l - 21 - 21 = 2*r. List the prime factors of l.
5
Suppose -77*l + 6363 = -3262. What are the prime factors of l?
5
Let b(g) = -17*g + 151. What are the prime factors of b(-36)?
7, 109
Let u(q) = -872*q - 4. Let a be u(-2). Suppose 10*j = -290 + a. List the prime factors of j.
5, 29
Suppose 5*p + 5 = -0. List the prime factors of (-5)/p + -2 - -35.
2, 19
Let o(b) = -35*b**3 + 2*b**2 + 4*b + 1. Let x be -4 - (-1 + (0 - -3) + -5). What are the prime factors of o(x)?
2, 17
What are the prime factors of 26*9/(-12)*52/(-6)?
13
Suppose -12*f + 714 = -7*f - 3*k, -5*f + k = -718. List the prime factors of f.
2, 3
Let t be (-10)/(-6)*3 + -2. Suppose 0 - 3 = -m, 4*r - t*m = 11. Suppose -n + 4*g - 3*g + 10 = 0, r*n - 4*g = 48. What are the prime factors of n?
2
Let r(v) = v + 11. Let s be r(-6). Suppose 5*j + 2*t + 125 = -0*j, -t = -s*j - 140. Let z = 45 + j. What are the prime factors of z?
2, 3
Suppose -c = -p - 141, -17 - 134 = -c - 4*p. Suppose 17 + 18 = n - s, s + c = 4*n. Suppose 0*l - 4*l = -n. What are the prime factors of l?
3
Let l = 133 + -145. Let a(t) = -24*t + 15. What are the prime factors of a(l)?
3, 101
Let s = -451 + 717. Suppose 2*p = 3*w - 0*p - s, -5*w = 3*p - 418. What are the prime factors of w?
2, 43
Suppose -3*n - 5*i + 41 = -86, 0 = n + 3*i - 41. What are the prime factors of (n - 0)*(-7)/(-4)?
7, 11
Suppose 0 = 13*g - 11*g - 4614. List the prime factors of g.
3, 769
Let x be 14/2 + 12/(-4). Suppose x*i = 9*i - 560. Let j = i + -68. List the prime factors of j.
2, 11
Let h = 301 - 133. Suppose 0 = v + 3*g - h, -6*v + g = -3*v - 454. List the prime factors of v.
3, 17
List the prime factors of 5/10 + 1 - 309/(-2).
2, 3, 13
Let q(j) = -15*j**3 - j**2 - 5*j - 10. What are the prime factors of q(-2)?
2, 29
List the prime factors of 516/(-387) - 9673/(-3).
11, 293
Suppose 17 = 5*h - 18. Let m = h + -5. Suppose m*s - 3*s = -10. What are the prime factors of s?
2, 5
Let v = -123 + 133. Suppose -v*x + 171 = -29. What are the prime factors of x?
2, 5
Let i be -133*(-1)/1 - -1. Suppose 4*a = -2*c - 39 + 155, -2*a = -2*c + i. Let m = c - 40. List the prime factors of m.
2, 3
Let j(b) = -116*b - 26. List the prime factors of j(-4).
2, 3, 73
Let x be (-6)/(-10) + 2 - 4/(-10). Suppose x*j = -y + 141, 3*y = 4*j + y - 178. What are the prime factors of j?
2, 23
Let l(f) = -9*f**3 - f**2 + f + 1. Let u(g) = -2*g - 2*g - 1 + 5*g - 6. Let t be u(6). List the prime factors of l(t).
2
Suppose -10*n = 7 - 47. Suppose -2*u = 4*y - 448, 3*y + 541 = n*u - 355. What are the prime factors of u?
2, 7
Suppose -h - 748 = -4*z, 0 = -0*h + h. List the prime factors of z.
11, 17
Let z(u) = 5*u + 0*u**2 - 6*u**2 - 5 + u**3 + 2. Suppose 4*d - 5*o - 24 = -0*d, -2*d = o - 12. What are the prime factors of z(d)?
3
Let b be 9*((-10)/6)/5. Let f(a) = -8*a**2 + a - 6. Let d(r) = -25*r**2 + 4*r - 17. Let j(v) = b*d(v) + 8*f(v). What are the prime factors of j(2)?
3, 13
Suppose -8*z = -4*z + 2*p - 2964, 0 = 4*z + 3*p - 2960. What are the prime factors of z?
743
Suppose -2*r + 7*r = -3*i + 11544, -2*r = -i - 4622. List the prime factors of r.
2, 3, 5, 7, 11
Let o(s) = -4*s - 9. Let x(c) = -4*c - 10. Let y(r) = 2*o(r) - 3*x(r). What are the prime factors of y(12)?
2, 3, 5
Suppose 13*m - 35331 = 10377. List the prime factors of m.
2, 3, 293
Let r = -4 + 8. Let m = 48 + 61. Suppose 175 = r*l - 5*n, -4*l + n + 70 = -m. List the prime factors of l.
3, 5
Suppose -n = 2 - 5. Let o be (n + -1)/(-2)*0. Suppose 3*b + 2*q - 86 = q, o = 4*b - q - 124. List the prime factors of b.
2, 3, 5
Suppose 5*n - 15 = 0, 4*z + 201 + 334 = -3*n. Let b = z + 74. Let u = b - -99. List the prime factors of u.
37
Let j be (20/(-24))/(1/(-6)). Suppose j*k + 92 = k. Let p = k + 42. What are the prime factors of p?
19
Let a be (3/(-2))/(3/(-80)). Let h(n) = -5*n - 13. Let m be h(-5). Suppose -5*p = -2*k + a + m, -61 = -3*k - p. What are the prime factors of k?
3, 7
Suppose -6*m + 91 = -185. Let f = 21 - m. Let z = 41 + f. List the prime factors of z.
2
Let u(n) = 38*n - 2. Let o be 2*(1 - (-4 - -4)). List the prime factors of u(o).
2, 37
Let p(m) = 3*m. Let s be p(1). Suppose -4*z + z - 3 = 4*a, -4*a + 3*z + 3 = 0. Suppose -s*l + 0*l - 5*j + 33 = a, l + 4*j = 11. List the prime factors of l.
11
Suppose a = -t + 17, t + 15 = 3*a - 16. Let c = a + -12. What are the prime factors of (c - -1) + (-42)/(-2)?
2, 11
List the prime factors of (4 + ((-3)/(-12) - 5))*-892.
3, 223
Suppose 4*y - 3*y = 0. Let u(z) = -11*z**2 - 2*z + 55. Let h(q) = -5*q**2 - q + 27. Let f(c) = 9*h(c) - 4*u(c). List the prime factors of f(y).
23
Suppose -86*i + 81*i - f + 10343 = 0, 3*i - 6195 = 3*f. List the prime factors of i.
2, 11, 47
Let m = -10 + 13. Let x be m/(-6)*(14 + 0). Let d = x - -19. List the prime factors of d.
2, 3
Suppose 0 = 4*i - 4*c - 7056, -c = 25 - 30. What are the prime factors of i?
29, 61
Let f(s) = 2*s**2 - 3*s. Let d be f(2). Let u be d/(-9) - (-8078)/63. Suppose 3*r + 3*c - 138 = 0, r + 2*c = 4*r - u. List the prime factors of r.
2, 11
Suppose -87 = -4*y + 29. What are the prime factors of y?
29
Let k = -22 - -18. Let t be 3*4*(-1)/k. Suppose -3*i + 5*n = -40, t*n - 2 = 1. What are the prime factors of i?
3, 5
Suppose -5*g = 426 - 3141. What are the prime factors of g?
3, 181
Suppose -2*m + 6*m - 88 = 0. Suppose -23*p - 236 + 2421 = 0. Let f = p - m. List the prime factors of f.
73
Suppose 0 = -t + c + 206, 2*t - 506 = -4*c - 88. List the prime factors of t.
3, 23
Suppose 0 = 4*y - 3*f - 10087, y - 2516 = 9*f - 14*f. What are the prime factors of y?
2521
Let n = -467 - -819. Suppose 4*r = c + 268, n = 5*r - 0*r + 3*c. Suppose 5*b - 42 = r. What are the prime factors of b?
2, 11
Let b = 940 - 427. Suppose 0 = a, -3*p - a - 126 = -b. List the prime factors of p.
3, 43
Let g be ((-2)/6)/((-3)/27). Let b(v) = -4 + v**g + 12 - 2*v - 4*v**2 - 4. List the prime factors of b(5).
19
Suppose 51*y = -y + 16380. List the prime factors of y.
3, 5, 7
Suppose -3*u = -i - 14, u + 0*u + 2*i = 0. Supp